{"id":332,"date":"2020-07-01T13:54:30","date_gmt":"2020-07-01T13:54:30","guid":{"rendered":"http:\/\/demos.upperthemes.com\/alma\/site1\/?page_id=332"},"modified":"2022-04-06T21:09:30","modified_gmt":"2022-04-06T19:09:30","slug":"projektujemy-i-tworzymy-dedykowane-oprogramowanie-dla-firm-narzedzia-szyte-na-miare-dostosowane-do-potrzeb-i-wymagan-twojej-firmy","status":"publish","type":"page","link":"https:\/\/itstime.pl\/","title":{"rendered":"Software"},"content":{"rendered":"<p>[vc_row full_width=&#8221;stretch_row_content&#8221; css_animation=&#8221;fadeInDown&#8221; css=&#8221;.vc_custom_1588082164948{padding-top: 100px !important;padding-bottom: 20px !important;}&#8221; el_class=&#8221;absolute-element&#8221;][vc_column]<div id=\"ultimate-heading-127469f330d674ebb\" class=\"uvc-heading ult-adjust-bottom-margin ultimate-heading-127469f330d674ebb uvc-2475 \" data-hspacer=\"line_only\"  data-halign=\"center\" style=\"text-align:center\"><div class=\"uvc-heading-spacer line_only\" style=\"topheight:100px;\"><span class=\"uvc-headings-line\" style=\"border-style:solid;border-bottom-width:100px;border-color:#0a0a0a;width:1px;\"><\/span><\/div><\/div>[\/vc_column][\/vc_row][vc_row css=&#8221;.vc_custom_1589205219842{padding-top: 80px !important;padding-bottom: 80px !important;}&#8221;][vc_column][vc_custom_heading text=&#8221;PROJEKTUJEMY ROZWI\u0104ZANIA&#8221; font_container=&#8221;tag:h2|text_align:center&#8221; use_theme_fonts=&#8221;yes&#8221; css_animation=&#8221;fadeInUp&#8221;][vc_empty_space height=&#8221;30px&#8221;][vc_row_inner][vc_column_inner width=&#8221;1\/6&#8243;][\/vc_column_inner][vc_column_inner width=&#8221;2\/3&#8243;][vc_custom_heading text=&#8221;Zalet\u0105 dedykowanego oprogramowania jest elastyczno\u015b\u0107 jego zastosowania wewn\u0105trz przedsi\u0119biorstwa, w kt\u00f3rym jest implementowane. Nieustanny rozw\u00f3j firmy, rotacja produkt\u00f3w, technologii wymaga ci\u0105g\u0142ego doskonalenia proces\u00f3w zarz\u0105dzania. Dlatego skorzystaj z naszych us\u0142ug, postaw na ekspert\u00f3w.&#8221; font_container=&#8221;tag:p|font_size:1.2em|text_align:center&#8221; use_theme_fonts=&#8221;yes&#8221; css_animation=&#8221;fadeInUp&#8221;][vc_empty_space height=&#8221;20px&#8221;][vc_btn title=&#8221;O NAS&#8221; style=&#8221;custom&#8221; custom_background=&#8221;__USE_THEME_MAIN_COLOR__&#8221; custom_text=&#8221;#ffffff&#8221; shape=&#8221;square&#8221; size=&#8221;lg&#8221; align=&#8221;center&#8221; css_animation=&#8221;fadeInUp&#8221; link=&#8221;url:https%3A%2F%2Fitstime.pl%2F%3Fpage_id%3D404|title:O%20nas|rel:nofollow&#8221;][\/vc_column_inner][vc_column_inner width=&#8221;1\/6&#8243;][\/vc_column_inner][\/vc_row_inner][\/vc_column][\/vc_row][vc_row css_animation=&#8221;fadeInDown&#8221; css=&#8221;.vc_custom_1588083044274{padding-top: 50px !important;padding-bottom: 60px !important;}&#8221;][vc_column]<div id=\"ultimate-heading-577969f330d674f03\" class=\"uvc-heading ult-adjust-bottom-margin ultimate-heading-577969f330d674f03 uvc-4023 \" data-hspacer=\"line_only\"  data-halign=\"center\" style=\"text-align:center\"><div class=\"uvc-heading-spacer line_only\" style=\"topheight:100px;\"><span class=\"uvc-headings-line\" style=\"border-style:solid;border-bottom-width:100px;border-color:#0a0a0a;width:1px;\"><\/span><\/div><\/div>[\/vc_column][\/vc_row][vc_row bg_type=&#8221;bg_color&#8221; bg_override=&#8221;ex-full&#8221; css=&#8221;.vc_custom_1593537024791{padding-top: 140px !important;padding-bottom: 140px !important;}&#8221; el_class=&#8221;architek-home-stats col3widemobile&#8221; bg_color_value=&#8221;#2b2929&#8243;][vc_column el_class=&#8221;wide-box-mobile&#8221;]<div class=\"ult-animation  ult-animate-viewport  ult-no-mobile \" data-animate=\"fadeInUp\" data-animation-delay=\"0.3\" data-animation-duration=\"1\" data-animation-iteration=\"1\" style=\"opacity:0;\" data-opacity_start_effect=\"\">[vc_row_inner][vc_column_inner width=&#8221;1\/3&#8243;]<div class=\"stats-block stats-top  \"><div class=\"aio-icon-top\"><div class=\"ult-just-icon-wrapper  \"><div class=\"align-icon\" style=\"text-align:center;\"><\/div><\/div><\/div><div class=\"stats-desc\" id=\"counter-responsv-wrap-4957\"><div id=\"counter_68319564769f330d67520f\" data-id=\"counter_68319564769f330d67520f\"  data-ultimate-target='#counter-responsv-wrap-4957 .stats-number'  data-responsive-json-new='{\"font-size\":\"desktop:50px;\",\"line-height\":\"desktop:70px;\"}'  class=\"stats-number ult-responsive\" style=\" color:rgba(255,255,255,0.5); font-family:&#039;Dosis&#039;;font-weight:500;color:#ffffff;\" data-speed=\"3\" data-counter-value=\"2250\" data-separator=\"none\" data-decimal=\".\">0<\/div><div id=\"counter_68319564769f330d67520f\"  data-ultimate-target='#counter-responsv-wrap-4957 .stats-text'  data-responsive-json-new='{\"font-size\":\"desktop:14px;\",\"line-height\":\"desktop:20px;\"}'  class=\"stats-text ult-responsive\" style=\"font-size:px; color:rgba(255,255,255,0.5); font-family:&#039;Dosis&#039;;font-weight:600;\">UTWORZONYCH SKRYPT\u00d3W<\/div><\/div><\/div>[\/vc_column_inner][vc_column_inner width=&#8221;1\/3&#8243;]<div class=\"ult-spacer spacer-69f330d67526e\" data-id=\"69f330d67526e\" data-height=\"0\" data-height-mobile=\"70\" data-height-tab=\"\" data-height-tab-portrait=\"\" data-height-mobile-landscape=\"70\" style=\"clear:both;display:block;\"><\/div><div class=\"stats-block stats-top  \"><div class=\"aio-icon-top\"><div class=\"ult-just-icon-wrapper  \"><div class=\"align-icon\" style=\"text-align:center;\"><\/div><\/div><\/div><div class=\"stats-desc\" id=\"counter-responsv-wrap-4331\"><div id=\"counter_416831408669f330d675300\" data-id=\"counter_416831408669f330d675300\"  data-ultimate-target='#counter-responsv-wrap-4331 .stats-number'  data-responsive-json-new='{\"font-size\":\"desktop:50px;\",\"line-height\":\"desktop:70px;\"}'  class=\"stats-number ult-responsive\" style=\" color:rgba(255,255,255,0.5); font-family:&#039;Dosis&#039;;font-weight:500;color:#ffffff;\" data-speed=\"3\" data-counter-value=\"392086\" data-separator=\"none\" data-decimal=\".\">0<\/div><div id=\"counter_416831408669f330d675300\"  data-ultimate-target='#counter-responsv-wrap-4331 .stats-text'  data-responsive-json-new='{\"font-size\":\"desktop:14px;\",\"line-height\":\"desktop:20px;\"}'  class=\"stats-text ult-responsive\" style=\"font-size:px; color:rgba(255,255,255,0.5); font-family:&#039;Dosis&#039;;font-weight:600;\">WYWO\u0141A\u0143 APLIKACJI<\/div><\/div><\/div>[\/vc_column_inner][vc_column_inner width=&#8221;1\/3&#8243;]<div class=\"ult-spacer spacer-69f330d675334\" data-id=\"69f330d675334\" data-height=\"0\" data-height-mobile=\"40\" data-height-tab=\"\" data-height-tab-portrait=\"\" data-height-mobile-landscape=\"40\" style=\"clear:both;display:block;\"><\/div><div class=\"stats-block stats-top  \"><div class=\"aio-icon-top\"><div class=\"ult-just-icon-wrapper  \"><div class=\"align-icon\" style=\"text-align:center;\"><\/div><\/div><\/div><div class=\"stats-desc\" id=\"counter-responsv-wrap-8057\"><div id=\"counter_417598094669f330d6753b0\" data-id=\"counter_417598094669f330d6753b0\"  data-ultimate-target='#counter-responsv-wrap-8057 .stats-number'  data-responsive-json-new='{\"font-size\":\"desktop:50px;\",\"line-height\":\"desktop:70px;\"}'  class=\"stats-number ult-responsive\" style=\" color:rgba(255,255,255,0.5); font-family:&#039;Dosis&#039;;font-weight:500;color:#ffffff;\" data-speed=\"3\" data-counter-value=\"23744\" data-separator=\"none\" data-decimal=\".\">0<\/div><div id=\"counter_417598094669f330d6753b0\"  data-ultimate-target='#counter-responsv-wrap-8057 .stats-text'  data-responsive-json-new='{\"font-size\":\"desktop:14px;\",\"line-height\":\"desktop:20px;\"}'  class=\"stats-text ult-responsive\" style=\"font-size:px; color:rgba(255,255,255,0.5); font-family:&#039;Dosis&#039;;font-weight:600;\">GB TRANSFERU PROCES\u00d3W<\/div><\/div><\/div>[\/vc_column_inner][\/vc_row_inner]<\/div>[\/vc_column][\/vc_row][vc_row full_width=&#8221;stretch_row_content_no_spaces&#8221; css_animation=&#8221;fadeInDown&#8221; css=&#8221;.vc_custom_1585418014946{padding-top: 100px !important;padding-bottom: 70px !important;}&#8221; el_class=&#8221;absolute-element&#8221;][vc_column]<div id=\"ultimate-heading-150569f330d6753fd\" class=\"uvc-heading ult-adjust-bottom-margin ultimate-heading-150569f330d6753fd uvc-6110 \" data-hspacer=\"line_only\"  data-halign=\"center\" style=\"text-align:center\"><div class=\"uvc-heading-spacer line_only\" style=\"topheight:100px;\"><span class=\"uvc-headings-line\" style=\"border-style:solid;border-bottom-width:100px;border-color:#0a0a0a;width:1px;\"><\/span><\/div><\/div>[\/vc_column][\/vc_row][vc_row full_width=&#8221;stretch_row_content_no_spaces&#8221; css_animation=&#8221;fadeInUp&#8221;][vc_column width=&#8221;1\/4&#8243;][\/vc_column][vc_column width=&#8221;1\/2&#8243;][vc_custom_heading text=&#8221;Eksplorujemy innowacyjno\u015b\u0107&#8221; font_container=&#8221;tag:h2|text_align:center&#8221; use_theme_fonts=&#8221;yes&#8221; css_animation=&#8221;fadeInUp&#8221;][vc_row_inner][vc_column_inner width=&#8221;1\/6&#8243;][\/vc_column_inner][vc_column_inner width=&#8221;2\/3&#8243;][vc_custom_heading text=&#8221;Nasze projekty, z kt\u00f3rych wszystkie s\u0105 unikalne, obejmuj\u0105 analiz\u0119 kontekstow\u0105, formalny projekt i oryginalne podej\u015bcie.&#8221; font_container=&#8221;tag:p|font_size:1.2em|text_align:center&#8221; use_theme_fonts=&#8221;yes&#8221; css_animation=&#8221;fadeInUp&#8221;][\/vc_column_inner][vc_column_inner width=&#8221;1\/6&#8243;][\/vc_column_inner][\/vc_row_inner][vc_empty_space height=&#8221;40px&#8221;]<div class=\"info-wrapper ult-adjust-bottom-margin\"><div id=\"info-circle-wrapper-69f330d675433\" data-uniqid=\"69f330d675433\" class=\"info-circle-wrapper  info-circle-responsive \" data-half-percentage=\"70\" data-circle-type=\"full-circle\"><div class=\"info-c-full-br\" style='border:1px solid rgba(0,0,0,0.2);width:135%;opacity:0;' data-start-degree=\"90\" data-divert=\"\" data-info-circle-angle=\"full\" data-responsive-circle=\"on\" data-responsive-breakpoint=\"600\" data-launch=\"easeOutBounce\" data-launch-duration=\"1\" data-launch-delay=\"0.2\" data-slide-true=\"on\" data-slide-duration=\"3\" data-icon-size=\"25\" data-icon-show=\"show\" data-icon-show-size=\"50\" data-highlight-style=\"info-circle-highlight-style\" data-focus-on=\"hover\"><div  class=\"icon-circle-list\"><div class=\"info-circle-icons \" style=\"background:#000000;color:#ffffff;border-style:solid;border-width:1px;border-color:rgba(255,255,255,0.2);\" ><i class=\"linearicons-home5 info-circle-icon\" ><\/i><\/div><div class=\"info-details\" data-icon-class=\"ult-info-circle-icon\"><div class=\"info-circle-def\"><div  class=\"info-circle-sub-def\"><i class=\"linearicons-home5 info-circle-icon\" ><\/i><div class=\"responsive-font-class ult-responsive\" ><h3  data-ultimate-target='#info-cirlce-wrap-4235 .responsive-font-class h3.new-cust-responsive-class'  data-responsive-json-new='{\"font-size\":\"desktop:17px;\",\"line-height\":\"desktop:25px;\"}'  class=\"info-circle-heading ult-responsive new-cust-responsive-class\" style=\"font-family:&#039;Dosis&#039;;font-weight:600;\">ARCHITEKTURA<\/h3><div  class=\"info-circle-text \" style=\"font-family:&#039;Lato&#039;;font-weight:normal;\">Wyb\u00f3r odpowiedniej platformy<\/div><\/div><\/div><\/div><\/div><div class=\"info-circle-icons \" style=\"background:#000000;color:#ffffff;border-style:solid;border-width:1px;border-color:rgba(255,255,255,0.2);\" ><i class=\"linearicons-construction-cone info-circle-icon\" ><\/i><\/div><div class=\"info-details\" data-icon-class=\"ult-info-circle-icon\"><div class=\"info-circle-def\"><div  class=\"info-circle-sub-def\"><i class=\"linearicons-construction-cone info-circle-icon\" ><\/i><div class=\"responsive-font-class ult-responsive\" ><h3  data-ultimate-target='#info-cirlce-wrap-4235 .responsive-font-class h3.new-cust-responsive-class'  data-responsive-json-new='{\"font-size\":\"desktop:17px;\",\"line-height\":\"desktop:25px;\"}'  class=\"info-circle-heading ult-responsive new-cust-responsive-class\" style=\"font-family:&#039;Dosis&#039;;font-weight:600;\">KONSTRUKCJA<\/h3><div  class=\"info-circle-text \" style=\"font-family:&#039;Lato&#039;;font-weight:normal;\">Po\u0142\u0105czenie z dotychczasowym narz\u0119dziem<\/div><\/div><\/div><\/div><\/div><div class=\"info-circle-icons \" style=\"background:#000000;color:#ffffff;border-style:solid;border-width:1px;border-color:rgba(255,255,255,0.2);\" ><i class=\"linearicons-couch info-circle-icon\" ><\/i><\/div><div class=\"info-details\" data-icon-class=\"ult-info-circle-icon\"><div class=\"info-circle-def\"><div  class=\"info-circle-sub-def\"><i class=\"linearicons-couch info-circle-icon\" ><\/i><div class=\"responsive-font-class ult-responsive\" ><h3  data-ultimate-target='#info-cirlce-wrap-4235 .responsive-font-class h3.new-cust-responsive-class'  data-responsive-json-new='{\"font-size\":\"desktop:17px;\",\"line-height\":\"desktop:25px;\"}'  class=\"info-circle-heading ult-responsive new-cust-responsive-class\" style=\"font-family:&#039;Dosis&#039;;font-weight:600;\">INTERFEJS<\/h3><div  class=\"info-circle-text \" style=\"font-family:&#039;Lato&#039;;font-weight:normal;\">Interfejs dopasowany do stanowiska<\/div><\/div><\/div><\/div><\/div><div class=\"info-circle-icons \" style=\"background:#000000;color:#ffffff;border-style:solid;border-width:1px;border-color:rgba(255,255,255,0.2);\" ><i class=\"linearicons-radio info-circle-icon\" ><\/i><\/div><div class=\"info-details\" data-icon-class=\"ult-info-circle-icon\"><div class=\"info-circle-def\"><div  class=\"info-circle-sub-def\"><i class=\"linearicons-radio info-circle-icon\" ><\/i><div class=\"responsive-font-class ult-responsive\" ><h3  data-ultimate-target='#info-cirlce-wrap-4235 .responsive-font-class h3.new-cust-responsive-class'  data-responsive-json-new='{\"font-size\":\"desktop:17px;\",\"line-height\":\"desktop:25px;\"}'  class=\"info-circle-heading ult-responsive new-cust-responsive-class\" style=\"font-family:&#039;Dosis&#039;;font-weight:600;\">FEEDBACK<\/h3><div  class=\"info-circle-text \" style=\"font-family:&#039;Lato&#039;;font-weight:normal;\">Pierwsze uwagi operator\u00f3w<\/div><\/div><\/div><\/div><\/div><div class=\"info-circle-icons \" style=\"background:#000000;color:#ffffff;border-style:solid;border-width:1px;border-color:rgba(255,255,255,0.2);\" ><i class=\"linearicons-contacts info-circle-icon\" ><\/i><\/div><div class=\"info-details\" data-icon-class=\"ult-info-circle-icon\"><div class=\"info-circle-def\"><div  class=\"info-circle-sub-def\"><i class=\"linearicons-contacts info-circle-icon\" ><\/i><div class=\"responsive-font-class ult-responsive\" ><h3  data-ultimate-target='#info-cirlce-wrap-4235 .responsive-font-class h3.new-cust-responsive-class'  data-responsive-json-new='{\"font-size\":\"desktop:17px;\",\"line-height\":\"desktop:25px;\"}'  class=\"info-circle-heading ult-responsive new-cust-responsive-class\" style=\"font-family:&#039;Dosis&#039;;font-weight:600;\">KONSULTACJE<\/h3><div  class=\"info-circle-text \" style=\"font-family:&#039;Lato&#039;;font-weight:normal;\">Wdro\u017cenie w\u0142a\u015bciwe<\/div><\/div><\/div><\/div><\/div><div class=\"info-circle-icons \" style=\"background:#000000;color:#ffffff;border-style:solid;border-width:1px;border-color:rgba(255,255,255,0.2);\" ><i class=\"linearicons-pencil-ruler info-circle-icon\" ><\/i><\/div><div class=\"info-details\" data-icon-class=\"ult-info-circle-icon\"><div class=\"info-circle-def\"><div  class=\"info-circle-sub-def\"><i class=\"linearicons-pencil-ruler info-circle-icon\" ><\/i><div class=\"responsive-font-class ult-responsive\" ><h3  data-ultimate-target='#info-cirlce-wrap-4235 .responsive-font-class h3.new-cust-responsive-class'  data-responsive-json-new='{\"font-size\":\"desktop:17px;\",\"line-height\":\"desktop:25px;\"}'  class=\"info-circle-heading ult-responsive new-cust-responsive-class\" style=\"font-family:&#039;Dosis&#039;;font-weight:600;\">DESIGN<\/h3><div  class=\"info-circle-text \" style=\"font-family:&#039;Lato&#039;;font-weight:normal;\">Implementacja graficzna<\/div><\/div><\/div><\/div><\/div><\/div><div id=\"info-cirlce-wrap-4235\" class=\"info-c-full\" style=\"background-color:#efefef;color:#000000;width:70%;height:70%;margin:15%;\"><div class=\"info-c-full-wrap\"><\/div><\/div><\/div><div class=\"smile_icon_list_wrap \" data-content_bg=\"#efefef\" data-content_color=\"#000000\">\n\t\t\t\t\t\t\t<ul id=\"info-cirlce-wrap-4235\" class=\"smile_icon_list left circle with_bg\"><li class=\"icon_list_item\" style=\"font-size:96px;\">\n\t\t\t\t\t\t\t\t\t<div class=\"icon_list_icon\" style=\"font-size:32px;width:32px;height:32px;line-height:1;\">\n\t\t\t\t\t\t\t\t\t\t<i class=\"smt-pencil\"><\/i>\n\t\t\t\t\t\t\t\t\t<\/div>\n\t\t\t\t\t\t\t\t\t<div  class=\"icon_description\" style=\"font-size:32px;\">\n\t\t\t\t\t\t\t\t\t\t<div class=\"responsive-font-class ult-responsive\"  data-ultimate-target='#info-cirlce-wrap-4235 .responsive-font-class *'  data-responsive-json-new='{\"font-size\":\"desktop:15px;\",\"line-height\":\"desktop:20px;\"}'  style=\"font-family:&#039;Lato&#039;;font-weight:normal;\">\n\t\t\t\t\t\t\t\t\t\t\t<h3  data-ultimate-target='#info-cirlce-wrap-4235 .responsive-font-class h3.new-cust-responsive-class'  data-responsive-json-new='{\"font-size\":\"desktop:17px;\",\"line-height\":\"desktop:25px;\"}'  class=\"ult-responsive new-cust-responsive-class\" style=\"font-family:&#039;Dosis&#039;;font-weight:600;\"><\/h3>\n\t\t\t\t\t\t\t\t\t\t\t<p><\/p>\n\t\t\t\t\t\t\t\t\t\t<\/div>\n\t\t\t\t\t\t\t\t\t<\/div>\n\t\t\t\t\t\t\t\t\t<div class=\"icon_list_connector\" style=\" border-style:solid;border-color:rgba(0,0,0,0.2); left:16px; top:32px;\">\n\t\t\t\t\t\t\t\t\t<\/div><\/li><\/ul>\n\t\t\t\t\t\t<\/div><\/div><\/div>[vc_empty_space height=&#8221;50px&#8221;][\/vc_column][vc_column width=&#8221;1\/4&#8243;][\/vc_column][\/vc_row][vc_row full_width=&#8221;stretch_row_content_no_spaces&#8221; css_animation=&#8221;fadeInDown&#8221; css=&#8221;.vc_custom_1585418069353{margin-top: 30px !important;padding-bottom: 150px !important;}&#8221; el_class=&#8221;absolute-element&#8221;][vc_column]<div class=\"ult-spacer spacer-69f330d6756aa\" data-id=\"69f330d6756aa\" data-height=\"\" data-height-mobile=\"80\" data-height-tab=\"\" data-height-tab-portrait=\"\" data-height-mobile-landscape=\"80\" style=\"clear:both;display:block;\"><\/div><div id=\"ultimate-heading-454769f330d6756ca\" class=\"uvc-heading ult-adjust-bottom-margin ultimate-heading-454769f330d6756ca uvc-8173 \" data-hspacer=\"line_only\"  data-halign=\"center\" style=\"text-align:center\"><div class=\"uvc-heading-spacer line_only\" style=\"topheight:100px;\"><span class=\"uvc-headings-line\" style=\"border-style:solid;border-bottom-width:100px;border-color:#0a0a0a;width:1px;\"><\/span><\/div><\/div>[\/vc_column][\/vc_row][vc_row full_width=&#8221;stretch_row&#8221; bg_type=&#8221;image&#8221; parallax_style=&#8221;vcpb-vz-jquery&#8221; bg_image_new=&#8221;id^133|url^http:\/\/demos.upperthemes.com\/alma\/site1\/wp-content\/uploads\/sites\/4\/2020\/06\/blog-corp4-1.jpg|caption^null|alt^null|title^blog-corp4-1|description^null&#8221; bg_image_repeat=&#8221;no-repeat&#8221; bg_override=&#8221;ex-full&#8221; enable_overlay=&#8221;enable_overlay_value&#8221; overlay_color=&#8221;rgba(0,0,0,0.76)&#8221; css=&#8221;.vc_custom_1593537089502{padding-top: 180px !important;padding-bottom: 180px !important;}&#8221;][vc_column css_animation=&#8221;fadeInUp&#8221;][vc_custom_heading text=&#8221;KROK PIERWSZY. POTRZEBY.&#8221; font_container=&#8221;tag:h2|font_size:60px|text_align:center|color:%23f4f4f4|line_height:1.3em&#8221; use_theme_fonts=&#8221;yes&#8221; el_class=&#8221;align-center&#8221;][\/vc_column][\/vc_row][vc_row full_width=&#8221;stretch_row_content_no_spaces&#8221; css_animation=&#8221;fadeInDown&#8221; css=&#8221;.vc_custom_1591291944795{margin-top: 100px !important;margin-bottom: 50px !important;}&#8221; el_class=&#8221;absolute-element&#8221;][vc_column]<div id=\"ultimate-heading-802069f330d6756f7\" class=\"uvc-heading ult-adjust-bottom-margin ultimate-heading-802069f330d6756f7 uvc-9728 \" data-hspacer=\"line_only\"  data-halign=\"center\" style=\"text-align:center\"><div class=\"uvc-heading-spacer line_only\" style=\"topheight:100px;\"><span class=\"uvc-headings-line\" style=\"border-style:solid;border-bottom-width:100px;border-color:#0a0a0a;width:1px;\"><\/span><\/div><\/div>[\/vc_column][\/vc_row][vc_row css_animation=&#8221;none&#8221; css=&#8221;.vc_custom_1591291967286{margin-top: 50px !important;margin-bottom: 100px !important;}&#8221;][vc_column css_animation=&#8221;fadeInDown&#8221;]<div id=\"ultimate-heading-214869f330d675721\" class=\"uvc-heading ult-adjust-bottom-margin ultimate-heading-214869f330d675721 uvc-70 \" data-hspacer=\"line_only\"  data-halign=\"center\" style=\"text-align:center\"><div class=\"uvc-heading-spacer line_only\" style=\"topheight:100px;\"><span class=\"uvc-headings-line\" style=\"border-style:solid;border-bottom-width:100px;border-color:#0a0a0a;width:1px;\"><\/span><\/div><\/div>[\/vc_column][\/vc_row]<\/p>\n","protected":false},"excerpt":{"rendered":"<p>[vc_row full_width=&#8221;stretch_row_content&#8221; css_animation=&#8221;fadeInDown&#8221; css=&#8221;.vc_custom_1588082164948{padding-top: 100px !important;padding-bottom: 20px !important;}&#8221; el_class=&#8221;absolute-element&#8221;][vc_column][\/vc_column][\/vc_row][vc_row css=&#8221;.vc_custom_1589205219842{padding-top: 80px !important;padding-bottom: 80px !important;}&#8221;][vc_column][vc_custom_heading text=&#8221;PROJEKTUJEMY ROZWI\u0104ZANIA&#8221; font_container=&#8221;tag:h2|text_align:center&#8221; use_theme_fonts=&#8221;yes&#8221; css_animation=&#8221;fadeInUp&#8221;][vc_empty_space height=&#8221;30px&#8221;][vc_row_inner][vc_column_inner width=&#8221;1\/6&#8243;][\/vc_column_inner][vc_column_inner width=&#8221;2\/3&#8243;][vc_custom_heading text=&#8221;Zalet\u0105 dedykowanego oprogramowania jest elastyczno\u015b\u0107 jego zastosowania wewn\u0105trz przedsi\u0119biorstwa, w kt\u00f3rym jest implementowane. Nieustanny rozw\u00f3j firmy, rotacja produkt\u00f3w, technologii wymaga ci\u0105g\u0142ego doskonalenia proces\u00f3w zarz\u0105dzania. Dlatego skorzystaj z naszych us\u0142ug, postaw na ekspert\u00f3w.&#8221; font_container=&#8221;tag:p|font_size:1.2em|text_align:center&#8221; [&hellip;]<\/p>\n","protected":false},"author":1,"featured_media":0,"parent":0,"menu_order":0,"comment_status":"closed","ping_status":"closed","template":"page.php","meta":{"_monsterinsights_skip_tracking":false,"_monsterinsights_sitenote_active":false,"_monsterinsights_sitenote_note":"","_monsterinsights_sitenote_category":0,"footnotes":""},"class_list":["post-332","page","type-page","status-publish","hentry"],"_links":{"self":[{"href":"https:\/\/itstime.pl\/index.php?rest_route=\/wp\/v2\/pages\/332","targetHints":{"allow":["GET"]}}],"collection":[{"href":"https:\/\/itstime.pl\/index.php?rest_route=\/wp\/v2\/pages"}],"about":[{"href":"https:\/\/itstime.pl\/index.php?rest_route=\/wp\/v2\/types\/page"}],"author":[{"embeddable":true,"href":"https:\/\/itstime.pl\/index.php?rest_route=\/wp\/v2\/users\/1"}],"replies":[{"embeddable":true,"href":"https:\/\/itstime.pl\/index.php?rest_route=%2Fwp%2Fv2%2Fcomments&post=332"}],"version-history":[{"count":14,"href":"https:\/\/itstime.pl\/index.php?rest_route=\/wp\/v2\/pages\/332\/revisions"}],"predecessor-version":[{"id":1176,"href":"https:\/\/itstime.pl\/index.php?rest_route=\/wp\/v2\/pages\/332\/revisions\/1176"}],"wp:attachment":[{"href":"https:\/\/itstime.pl\/index.php?rest_route=%2Fwp%2Fv2%2Fmedia&parent=332"}],"curies":[{"name":"wp","href":"https:\/\/api.w.org\/{rel}","templated":true}]}}